-12
(-9 - (-10 - (-18 - -9))) + (130 + -3 - 0)
119
Evaluate 19 - (-43 - 99 - -161).
0
Evaluate (17 - (13 + -8)) + (11 - -23).
46
Calculate 32 + 13 + 9 + 13 + -25.
42
Calculate (22 + 33 - 140) + 58.
-27
Evaluate -3 - -76 - (-1358 - -1408).
23
Evaluate 16 - (-32 + -41 + 16).
73
Evaluate -48 - (87 - 38 - 98).
1
Calculate 4 - 1 - -9 - (-2 + -3 + 13 - 5).
9
Calculate -7 + 42 + -52 + -53.
-70
What is ((-34 - -33) + -4 + 17 - 30) + 83?
65
What is the value of 16 + 1 + -4 + 14 + -4?
23
Evaluate (-17 - (-31 + 15 + 34)) + -10.
-45
-5370 + 5422 - (2 + -95)
145
Calculate -37 + 87 - 69 - (-8 - -15).
-26
Evaluate 10 + -18 + -4 + (56 - -7) + 1 + 5.
57
Evaluate 8 + (18 - (0 - -7)) + -30.
-11
What is the value of -1 - ((-100 - -178) + -83 + (21 - -1))?
-18
What is the value of 60 + (239 + -272 - (-2 - 0))?
29
Calculate 1 + (-1 - (4 - 1)) + -9795 + 9832.
34
1 + -80 + 28 + (-3 + -43 - (198 - 205))
-90
What is 0 + (31 + (-45 - 4) - -34)?
16
Calculate -14 - 7 - (14 + -2 + -10).
-23
5 - (4 - (-4 + 0) - (40 + -37)) - 8
-8
Calculate (3 - -30) + 683 + -793.
-77
Calculate -42 - -2 - (7 + -7 - 2) - (78 + -79).
-37
Calculate -66 + (4 - 88) + 71.
-79
Evaluate (-82 - -90) + -65 + (-7 - (5 + -20)).
-49
Calculate -200 + 151 - (-9 + 19 - 22).
-37
What is 10 + (2 - (1 + -5) - 4) + -14?
-2
Calculate 162 + -186 + 47 - (0 - -3 - 1 - 2).
23
What is the value of (-7 - 51) + 1140 + -1157?
-75
What is -55 + -3 + (-12 - -6 - -6) + 13?
-45
What is the value of (-64 - -46 - 30) + -9 + 1?
-56
What is -2 + 35 - (1 + (1 - 4)) - -14?
49
Calculate -352 + 373 - (18 - 19).
22
(-24 - -36) + -9 + 13 - -5
21
What is the value of -6278 + 6201 + (1 + -1 - -26)?
-51
What is -5 + (-212 + 217 - (-1 - (1 + -7))) + -23?
-28
Evaluate -10 - ((-2 + -2 + -1 - 62) + (-79 - -81)).
55
Calculate (0 - 1) + 2 - (-49 - 6 - -117).
-61
Evaluate (4 + -18 - (3 - (12 - 8))) + -81 + 2.
-92
Evaluate 127 - (-21 - -133) - 2.
13
What is (8 - ((0 - (-4 + 18)) + 24)) + (-5 - -33)?
26
Calculate (27 + -16 - (30 + -5)) + 11 + (-1 - -46).
42
10 + (-83 + (9 + -20 - -9) + 2 - -8)
-65
Evaluate 3 + (-4 + -40 + 3 + (22 - 30) - 10).
-56
Evaluate (131 - (-56 - -34)) + -1.
152
Calculate -7 + -32 + (-2 - (14 + -2 + -8)).
-45
25 + (3 - 9) - (55 - -47 - -4)
-87
Calculate 319 + -301 - (0 + -1) - 21.
-2
What is the value of 16 + -26 + 11 + (3 - -13)?
17
What is the value of (-1 + 12 - (-43 + 82 + -21)) + 48?
41
Calculate 22 + (-10 - -13) - (22 + -7 - -8).
2
What is 814 - 800 - (3 - (-1 - -4))?
14
Calculate -3 - -9 - ((-65 - 2) + (1 - 35) + 38).
69
What is -2 + 13 - (-19 - (-9 - -4) - -7)?
18
What is the value of 3 - 64 - ((-12 - -8) + (-3 - 6))?
-48
-355 + 379 - (-7 + -84)
115
What is 27 - (-15 + 30 + -63 + -36)?
111
What is 14 - -3 - 3 - (-4 - -10) - (-1 - -74)?
-65
What is the value of (19 - 33) + -8 + 25 - -48 - (-4 - -2)?
53
What is the value of 73 - -1 - (-5 + 23 + 1 + 15 + -24)?
64
Calculate 60 + (68 - 202) - -73.
-1
Evaluate -9 + (-6 + 16 - -4) + -63.
-58
Calculate (-31 - 1) + (-2417 - -2387).
-62
-3 + -97 - (12 + (-101 + 82 - (-1 + -4)))
-98
Calculate 29 - (37 - (145 + (-1 - 10))).
126
What is the value of -12 + -28 - (128 - 187)?
19
What is the value of 53 + 1 - (-14 + 16 + -30 + 12 - -3)?
67
What is the value of 34 + (6 - 77) - 9?
-46
What is (4 - -15) + -53 + 21 - 12?
-25
Calculate 137 + (16 - 12) - (-4 + (-22 - -36)).
131
What is the value of 38 + (-3 - 4 - (21 + (-4 - 9) - 12))?
35
(-61 + 64 - -100) + 4
107
Evaluate (26 - 37) + 8 - (3 + (4 - (39 - -4))).
33
Evaluate (-6 - -48) + (-15 - 55).
-28
What is -2 + 67 + 11 + (17 - 34) - (1 - 0)?
58
Evaluate (-1 - -68) + -69 - (0 - 31).
29
26 - ((-20 + 0 - (-6 - 0)) + 6 - 0)
34
What is the value of 74 - (-97 - (-160 + 12))?
23
Calculate 184 - 4 - (-803 + 897).
86
What is -65 - ((-2 - -2) + 3 + (4 - (-126 - -134)))?
-64
-111 - (65 - (136 + -30))
-70
30 - (-20 + 32 + 7)
11
Calculate 43 + (-2134 + 2139 - (12 - -1 - 1)).
36
What is -54 - -138 - (-61 - -55 - (-19 + 1 - -2))?
74
Calculate (-2 - -99) + 2 + (9 + 44 - (74 + -25)).
103
What is -81 - -36 - (-62 - -15)?
2
What is the value of 396 + -392 - ((3 - 22 - -2) + (-1 - -6))?
16
-4 + -54 - (-14 - -34 - (-1 + 3))
-76
Calculate 10 + -3 + -9 + -3 + 42 + -3.
34
What is -84 - (8 - (102 - -27))?
37
Evaluate (-41 - -11) + -3 - (30 + -44) - 12.
-31
Evaluate -2 + 80 + -1 - (99 - 116 - -34).
60
What is (139 - 159) + -1 + 39 + 1?
19
Calculate -2 + 13 + 0 - -12 - (17 + -11).
17
Evaluate (-37 + (74 - 36) - (-1 + 38)) + 10.
-26
What is 465 + -501 - (-1 + -36)?
1
Calculate (-3 - 0) + (9 + (-4 - 14) - -14) - 13.
-11
Calculate -18 + 58 + (-89 - -26).
-23
-7 - ((28 - 54) + 9) - -66
76
What is -24 + -54 + 47 - -82?
51
Evaluate (-6 - (56 + -53)) + -21.
-30
(-2 - -10 - (-8 + 22)) + 14 - 56
-48
What is the value of -95 - (-49 + -91 + 65)?
-20
Calculate -11 + 1 + -8 + -13 + (17 - -11) + -7.
-10
Evaluate 8 + (0 - 5) + (104 - (75 - 2)).
34
Evaluate (-5 - -5 - 0) + -244 + (61 - -27).
-156
Calculate 92 + (-77 - (-39 + 5) - -9).
58
Calculate 51 + 2 + (12 - (13 - -5)) + -4.
43
Calculate (76 - 0) + -23294 + 23344.
126
What is -9 + (-4 - 6 - -28) + 22 + -4?
27
Calculate -1 + (4 - -2) + 1 + 10 + -9.
7
What is the value of 21 + (-1 - (2 - 16) - (15 - -6)) + 43?
56
Calculate 20 + -19 + 45 + 0.
46
Calculate -2 + -1 - (-32 + 60 + -17) - 34.
-48
-72 + -65 + 143 + 63
69
What is the value of -1 - 45 - (149 + -79 + -194)?
78
Evaluate 7 + 59 - (19 + (2 - 71)).
116
Calculate -1 + 83 + (-39 - -68 - (-10 - -34 - 6)).
93
Calculate (1 - (62 - 1)) + (688 - 678).
-50
What is (-86 - 140) + 377 - (46 - 1)?
106
-26 + -15 + (-32 - -69)
-4
What is the value of 2 - 2 - (103 + (-103 - -67))?
-67
What is the value of (-5 - -6) + (-62 - 3)?
-64
Calculate (-39 - (-11 + 22)) + 9 + (1 + -8 - 0).
-48
What is -594 + 603 - (1 - 1)?
9
What is 0 - (38 - ((11 - 13) + -1 - -13))?
-28
What is (29 - 56) + 103 - (-22 - 10)?
108
Evaluate -12 + (257 + -264 - (3 - (0 - -39))).
17
What is 64 - (42 - (3 + 39) - -22)?
42
Evaluate (2 - 5) + (13 + -8 - (-3 - -13)) - 10.
-18
What is the value of -21 + (-1 - -1 - (-916 + 932))?
-37
What is 57 + (83 - -44 - 126)?
58
What is 3566 + -3490 + -4 + (-1 - 1 - 12)?
58
What is the value of (11 - 1) + (-137 - -131) + 1 + -34?
-29
Evaluate (-34 + 23 - (-17 - -3)) + (-1 - (-1 + -4)).
7
Evaluate 21 + -1 + -89 + -374 + 392.
-51
What is the value of -2240 + 2196 - (-21 + -3)?
-20
What is -154 + (-171 - -321) - (4 + 43)?
-51
Evaluate 8 + ((24 - -5) + 41 + -39 - 19).
20
What is 39 + (-26 - -9) + (-23 - -16)?
15
(-27 - -28) + 9 + 0 - -65 - 4
71
Evaluate -163 + -16 + 166 + -42.
-55
Evaluate -36 + (-5 - (5 + -78)).
32
Calculate -271 + 139 + 47 + -42.
-127
Calculate 15 + 2 + -13 + 24 + -12 + 7.
23
-118 - ((19 - 9) + -23 - (-1 + -2))
-108
Evaluate (1 - -75) + (-36 + -24 - -51) + -1.
66
What is the value of 19 + -8 + -10 + -8 + (7 - -91) + -7?
84
Evaluate 16 - (23 + 51 + -21 - 29).
-8
Evaluate 105 - (27 - (-28 + 13)).
63
Calculate -7 - -2 - (300 - 344) - 0.
39
What is -22 + -33 + -17 + 46 + -25?
-51
Evaluate -64 - (-31 - (-20 - 9 - -19)).
-43
Calculate 11 + 2 + (-241 - -128) + 27.
-73
(18 - 19 - -15) + -50 + 4
-32
Calculate -12 + 2 + -36 + (17 + -7 - 6).
-42
Evaluate 4 - 69 - -2 - (25 + -34 - 0) - 5.
-59
What is the value of -1 + -79 + 3859 + -3790?
-11
Calculate (-55 - -44 - 16) + 72.
45
Calculate 3 + 6 + 3 - (143 - 132) - 89.
-88
What is the value of 43 + 9 + (0 - (5 - (11 - 4 - -4)))?
58
Calculate (-1 - 0) + -4 + 2 - (63 + -50 + -16).
0
Calculate (18 - -145) + -357 + 264.
70
What is the value of (-41 - -65) + (-27 - 33)?
-36
Calculate 73 + -62 + 52 + -18.
45
What is -60 + 86 + -20 + -3 + (-3 - -36)?
36
What is the value of -95 + 1 + 162 + -57 + -81?
-70
(51 - (-2 + 0)) + (20 - (-3 + 52) - -22)
46
Evaluate (-36 - (24 - -18)) + (4 - -4 - 7).
-77
Evaluate (-19 - 2) + 5 - (241 + -195).
-62
Evaluate (-31 - ((11 - 38) + -2)) + -63.
-65
What is (27 - 9 - (-2 + -10)) + 5?
35
What is the value of (9 - 21) + (1 + -21 - 8) + -13 + 4?
-49
-74 + 87 + (9 - 10)
12
Evaluate 6 - 0 - (68 - (4 + 23) - -6).
-41
What is the value of (-17 - (-17 + -4)) + 8 + -7 + 26?
31
What is the value of -21 + 4 + (-24 - -62) - (-49 + -1)?
71
What is -9 - (-10 + 16 + (-64 - -21))?
28
What is -2 + (-29 - -1 - ((-27 - -60) + -28))?
-35
What is -1 + (-13 - (-16 - 16)) + -34?
-16
Evaluate 115 - (67 + -76 + (42 - 1)).
83
Calc